{"id":9,"date":"2010-08-14T16:23:54","date_gmt":"2010-08-14T14:23:54","guid":{"rendered":"http:\/\/www.shadowflame-kujata.de\/site\/?page_id=9"},"modified":"2012-08-27T16:08:44","modified_gmt":"2012-08-27T14:08:44","slug":"join-us","status":"publish","type":"page","link":"http:\/\/www.shadowflame-linkshell.de\/site\/?page_id=9","title":{"rendered":"FAQ \/ Endgame"},"content":{"rendered":"<p>Um unserem Kontaktkreis beitreten zu k\u00f6nnen, m\u00fcsst ihr euren Charakter auf dem Server &#8222;Ragnarok&#8220; erstellen. Am Ende der Charaktererstellung in FFXIV k\u00f6nnt ihr diesen Server ausw\u00e4hlen. Wenn Euch die Stadtnamen in FFXIV noch nicht gel\u00e4ufig sind, solltet ihr euch ausserdem auch den Namen der Stadt merken, in der ihr startet (Die Start-Stadt ist ebenfalls w\u00e4hrend der Charaktererstellung ausw\u00e4hlbar.)<\/p>\n<p>Seid ihr dann letztendlich im Spiel, meldet euch bei einem der folgenden Spieler, damit er euch ingame die Kontaktperle \u00fcberreichen kann:<br \/>\n<strong>Fidi Fairlight<br \/>\nBlack Rose<br \/>\nRagna Vermilion<br \/>\nArkune Bloodedge<\/strong><\/p>\n<p>Nat\u00fcrlich ist nicht jeder immer online. Alternativ k\u00f6nnt ihr eure Ankunft auf Ragnarok auch in unserem Forum verk\u00fcnden, irgendwie bekommen wir die Kontaktperle schon zu euch. \ud83d\ude09<\/p>\n<p><strong>FAQ<\/strong><br \/>\n<strong>Q: Gibt es bei euch eine Voicechat-Pflicht?<\/strong><br \/>\nA: Nein. Wir haben jedoch einen gro\u00dfen TS3-Server mit bester Audioqualit\u00e4t und sehr gutem Ping (Serverstandort Deutschland) und jeder ist eingeladen, hier mit zu machen. Eine Pflicht besteht jedoch nicht. Die Zugangsdaten bekommt ihr im Forum oder ingame von den Mitgliedern.<\/p>\n<p><strong>Q: Muss man bei euch die Kontaktperle\/Linkpearl immer angelegt haben?<\/strong><br \/>\nA: Nein. Es ist erlaubt, weitere Linkshells zu nutzen. Zumindest ein wenig aktiv sollte man bei uns aber schon sein. Es wird nicht gerne gesehen, wenn man nie etwas sagt und sich nur f\u00fcr Events pl\u00f6tzlich meldet.<\/p>\n<p><strong>Q: Habt ihr ein Punktesystem, welches den erhalt von besonderen Drops regelt?<\/strong><br \/>\nWir wenden das Need &amp; Greed-System an. Wenn im Raid etwas besonderes dropt, passen wir es LS-Intern zu demjenigen, der es aktuell am meisten gebrauchen kann. Es wird auch etwas darauf geschaut, mit welchem(n) Job(s) ein jeweiliger Spieler an den Raids teilnimmt. Z.b. wird Tank-Zeug zuerst an unseren Main Tank gepasst, bevor andere Anspruch darauf erheben k\u00f6nnen. Denn wenn dieser sein Zeug schnell hat, profitiert die gesamte Gruppe davon.<\/p>\n<p><strong>Q: Welche Klasse soll ich leveln? Was fehlt Euch in der LS noch?<\/strong><br \/>\nA: Es ist sehr freundlich, dass du anbietest, eine Klasse im Sinne der LS auszuw\u00e4hlen. Jedoch solltest du dir besser eine Klasse suchen, welche dir und deinem Spielstil am besten zusagt. Unsere LS hat viele Spieler, die gleich mehrere Klassen &#8211; wenn nicht gleich alle &#8211; auf dem Max. Level haben, also sind wir beim Bilden optimaler Parties bereits sehr flexibel. M\u00f6chtest du jedoch eine statische Gruppe bilden, kl\u00e4re einfach vorher mit den anderen involvierten Spielern euer optimales Setup ab. \ud83d\ude09<\/p>\n<p><strong>Q: Ist es in eurem Kontaktkreis pflicht, sich einer bestimmten staatlichen Gesellschaft anzuschliessen?<\/strong><br \/>\nA: Pflicht nicht, aber eine Empfehlung: Die meisten bei uns sind in Gridania eingeschrieben. Wenn du dich auch dort einschreibst, erhalten wir verschiedene Boni bei bestimmten K\u00e4mpfen wie z.B. dem gegen Ifrit. \ud83d\ude09<\/p>\n<p><strong>Q: In der Linkshell wird ab und zu englisch geredet. Ich dachte ihr seid eine deutschsprachige?<\/strong><br \/>\nA: Wir haben ein paar Spanier und Amerikaner in der LS, die Mitglieder unserer Endgame-Static sind. Sie sind entweder alte Freunde oder haben uns bzgl. der Static angesprochen, und nur wegen der Sprachbarriere wollten wir sie nun auch nicht abweisen. Alle nicht-deutschsprachigen Member der LS sind informiert, dass sie den englischen Anteil so gering wie m\u00f6glich halten sollen. Sie sind nur in der LS, damit wir uns schnell und unkompliziert zu Raids verabreden k\u00f6nnen. Des weiteren sind unsere Leader angewiesen, den Anteil an neuen nicht deutschsprachigen Mitgliedern so gering wie m\u00f6glich zu halten.<\/p>\n<p><strong>Unsere Endgame Static<\/strong><br \/>\nWir haben einen Core von etwa 15 Leuten, die t\u00e4glich Endgame-Aktivit\u00e4ten nachgehen. Wenn beim Bilden der Party nicht gen\u00fcgend Leute anwesend sind kan es passieren, dass wir die restlichen Pl\u00e4tze mit Randoms f\u00fcllen (zumindest bei einfachem Content wie AV und CC) und wir uns die blauen Drops dann untereinander nach Gebrauch zuschieben. Eine Zeit Lang betrieben wir auch eine Loot Table, dies wurde jedoch vor\u00fcbergehend auf Eis gelegt, zumindest bis FFXIV 2.0. Hier der alte Text dazu (wiedereinf\u00fchrung zu einem bestimmten Zeitpunkt m\u00f6glich).<br \/>\n<del>Unser LS Core betreibt eine Semi-Static mit ca. 15 Leuten, die beinahe t\u00e4glich Endgame-Aktivit\u00e4ten nachgehen. Um fest in die Static integriert zu werden, musst du mindestens 1 (besser 2 oder mehr) Jobs auf Level 50 haben und diese m\u00fcssen auch mit halbwegs gutem Gear ausgestattet sein. Ausserdem musst du die M\u00f6glichkeit haben, in einer bestimmten H\u00e4ufigkeit zu unseren Raid-Zeiten zu erscheinen (Grob gesagt: Werktags 18:00 &#8211; 22:00 deutscher Zeit, am Wochenende auch fr\u00fcherer Start und sp\u00e4teres Ende m\u00f6glich). Entgegen der oben aufgef\u00fchrten Regel des optionalen TS3, kann innerhalb der Static f\u00fcr bestimmte Dungeons eine TS3-Pflicht ausgerufen werden. Mitglieder underer Static m\u00fcssen uns unbedingt informieren, falls sie noch in einer anderen Static aktiv sind. Die Leitung der Static macht Black Rose, die Stellvertretung Fidi Fairlight.<\/del><\/p>\n<p><del>Hier unsere Regelungen bzgl. Zeiten und Drops f\u00fcr die Dungeons Cutter&#8217;s Cry und Aurum Vale (S\u00e4geschrei und Goldklamm). Diese werden auch f\u00fcr zuk\u00fcnftige Dungeons gelten, sofern sie ein identisches Dropsystem haben:<\/del><\/p>\n<p><del><strong>Drops<\/strong><br \/>\n&#8211; Mitglieder der Static suchen sich bei Beitritt in die Static ein gew\u00fcnschtes Set (Tank Set, DPS Set, Mage Set etc&#8230;) aus und erhalten auf diese Drops Priorit\u00e4t zusammen mit den anderen Personen, die auf diese Drops registriert sind. Des weiteren kann man sich ein Zweititem\/Set aussuchen, welches man erh\u00e4lt falls dieses dropt, jedoch Niemand anwesend ist, der das main Loot darauf hat. Der aktuelle Status, wer sich f\u00fcr welchen Drop eingetragen hat, welche Teile er schon bekommen hat und auf welcher Loot Position er gerade ist, kann im Forum jederzeit eingesehen werden.<br \/>\n&#8211; F\u00fcr Sets: Erh\u00e4lt man einen Drop aus seiner Main List, rutscht man in der Set-Rangliste mit den anderen Leuten, die auf diesem Set sind an die letzte Stelle. Diese Regel haben wir eingef\u00fchrt, damit auch neue Mitglieder der Static recht schnell zumindest ein blaues Item bekommen k\u00f6nnen und nicht erst wochenlang warten m\u00fcssen.<br \/>\n&#8211; Dropt etwas blaues, und es ist weder ein Main looter noch ein Zweitlooter anwesend, wird das Item freelot.<br \/>\n&#8211; Bei hochwertigen gr\u00fcnen Items, die nebenbei im Dungeon droppen, wird sichergestellt, dass jedes Mitglied das Item mindestens ein mal bekommt. Danach beh\u00e4lt es immer derjenige, in dessen Loot es dropt (Derjenige darf es aber gerne freiwillig weiter passen).<br \/>\n&#8211; Gr\u00fcne Items ohne Wert sowie sonstige Items (Vampirpflanzen etc.) sind von Anfang an Freelot.<br \/>\n&#8211; Wenn Jemand sein Main und Zweitset fertig hat und weiterhin mitkommt, darf er sich ein neues Set aussuchen. Dieses neue Set z\u00e4hlt jedoch als Zweitset. Wenn also Jemand anderes noch als Main auf diesem Set ist, erh\u00e4lt dieser den Vorrang.<\/del><\/p>\n<p><del><strong>Zeitplanung<\/strong><br \/>\n&#8211; Geplante Raids werden in unserem Eventkalender hier auf dieser Seite in der Regel eine Woche im Voraus eingetragen. Mitgleider der Static schreiben bitte in die Kommentarfunktion, wann sie zu den jeweiligen Zeiten erscheinen k\u00f6nnen, wann es unsicher ist und wann sie nicht k\u00f6nnen.<br \/>\n&#8211; Tr\u00e4gt man sich als sicher anwesend ein, aber fehlt zum jeweiligen Zeitpunkt ohne Bescheid zu sagen, erh\u00e4lt man einen Strafstrich. Bei 3 Strafstrichen rutscht man auf seinem Main Set einen Platz in der Reihenfolge nach unten. Auch wenn man eine besondere Inaktivit\u00e4t an den Tag bringt (z.B. mehrere Wochen lang 80% der Woche absagen etc.) kann ein Strafstrich ausgeteilt werden. Ausnahmen w\u00e4ren nat\u00fcrlich z.B. ein Urlaub o.\u00e4&#8230;. Auch bei uns geht das RL vor.<br \/>\n&#8211; Tragen sich zu wenig Leute ein, ist das Event nicht automatisch gecancelt. Alle, die zugesagt haben, m\u00fcssen zu ihren Zeiten online und verf\u00fcgbar sein. Wir schauen dann, ob spontan noch Jemand auftaucht oder wir die Pl\u00e4tze anderweitig belegen k\u00f6nnen.<br \/>\n&#8211; Wenn eine Stunde nach geplantem Eventstart nicht gen\u00fcgend Leute anwesend sind, gillt das Event f\u00fcr diesen Tag als als gecancelt, sofern nichts anderes besprochen wurde.<br \/>\n&#8211; Beginnen die Raids planm\u00e4\u00dfig, gehen sie so lange, wie alle 8 Mitglieder anwesend sein k\u00f6nnen. Muss eine Person afk\/ausloggen, versucht der Leiter der Static die Person mit einem anderen Mitglied der Static oder einem Gast auszutauschen. Gelingt dies nicht, gelten die Runs f\u00fcr den Tag als beendet.<br \/>\n&#8211; Sind mehr als 8 Personen zum Raid erschienen und Niemand verl\u00e4sst f\u00fcr diesen Tag die Gruppe freiwillig, haben diejenigen Vorrang, die zum jeweiligen Zeitpunkt in ihrer Lootliste an h\u00f6herer Stelle stehen, also am ehsten das Recht auf einen Drop haben. Danach haben diejenigen Vorrang, die sich im Vorfeld angemeldet haben. Dies ist Jedoch eine &#8222;lose&#8220; regel. Man kann sich auch absprechen, ob man die Teilnehmer nicht nach 1-2 runs rotieren l\u00e4sst. In dieser Situation hat der Leader der Static das letzte Wort.<\/del><\/p>\n<p><del><strong>Sonstiges<\/strong><br \/>\n&#8211; Unter bestimmten Umst\u00e4nden k\u00f6nnen G\u00e4ste zum Raid mitgenommen werden. Diese haben jedoch keinen Anspruch auf blaue Drops, bis sie sich dazu entscheiden, ein festes Mitglied der Static zu werden.<br \/>\n&#8211; Es k\u00f6nnen je nach Situation spontane Raids &#8211; entgegen dem Eventkalender &#8211; durchgef\u00fchrt werden. Wird dieser spontane Raid ausschlie\u00dflich von Mitgliedern der Static organisiert, k\u00f6nnen die offiziellen Loot Tables geltend gemacht werden. Sollte jedoch weder der Static-Leiter noch ein Stellvertreter dabei sein, m\u00fcssen blaue Drops mit Screenshots dokumentiert werden. Ein Nichterscheinen zu spontanen Raids kann nicht bestraft werden.<\/del><\/p>\n<p>&nbsp;<\/p>\n<p>&nbsp;<\/p>\n<p>&nbsp;<\/p>\n<p>&nbsp;<\/p>\n","protected":false},"excerpt":{"rendered":"<p>Um unserem Kontaktkreis beitreten zu k\u00f6nnen, m\u00fcsst ihr euren Charakter auf dem Server &#8222;Ragnarok&#8220; erstellen. Am Ende der Charaktererstellung in FFXIV k\u00f6nnt ihr diesen Server ausw\u00e4hlen. Wenn Euch die Stadtnamen in FFXIV noch nicht gel\u00e4ufig sind, solltet ihr euch ausserdem auch den Namen der Stadt merken, in der ihr startet (Die Start-Stadt ist ebenfalls w\u00e4hrend [&hellip;]<\/p>\n","protected":false},"author":1,"featured_media":0,"parent":0,"menu_order":0,"comment_status":"open","ping_status":"open","template":"","meta":{"ngg_post_thumbnail":0,"footnotes":""},"class_list":["post-9","page","type-page","status-publish","hentry"],"_links":{"self":[{"href":"http:\/\/www.shadowflame-linkshell.de\/site\/index.php?rest_route=\/wp\/v2\/pages\/9","targetHints":{"allow":["GET"]}}],"collection":[{"href":"http:\/\/www.shadowflame-linkshell.de\/site\/index.php?rest_route=\/wp\/v2\/pages"}],"about":[{"href":"http:\/\/www.shadowflame-linkshell.de\/site\/index.php?rest_route=\/wp\/v2\/types\/page"}],"author":[{"embeddable":true,"href":"http:\/\/www.shadowflame-linkshell.de\/site\/index.php?rest_route=\/wp\/v2\/users\/1"}],"replies":[{"embeddable":true,"href":"http:\/\/www.shadowflame-linkshell.de\/site\/index.php?rest_route=%2Fwp%2Fv2%2Fcomments&post=9"}],"version-history":[{"count":26,"href":"http:\/\/www.shadowflame-linkshell.de\/site\/index.php?rest_route=\/wp\/v2\/pages\/9\/revisions"}],"predecessor-version":[{"id":417,"href":"http:\/\/www.shadowflame-linkshell.de\/site\/index.php?rest_route=\/wp\/v2\/pages\/9\/revisions\/417"}],"wp:attachment":[{"href":"http:\/\/www.shadowflame-linkshell.de\/site\/index.php?rest_route=%2Fwp%2Fv2%2Fmedia&parent=9"}],"curies":[{"name":"wp","href":"https:\/\/api.w.org\/{rel}","templated":true}]}}